sands digit of 9495920?
9
What is the thousands digit of 1207466?
7
What is the units digit of 528857?
7
What is the hundreds digit of 208253?
2
What is the hundred thousands digit of 1069283?
0
What is the units digit of 13279233?
3
What is the millions digit of 39144828?
9
What is the ten thousands digit of 678364?
7
What is the units digit of 223397?
7
What is the hundreds digit of 41795?
7
What is the thousands digit of 1886537?
6
What is the units digit of 31806?
6
What is the thousands digit of 2073061?
3
What is the ten thousands digit of 5973218?
7
What is the units digit of 820487?
7
What is the ten thousands digit of 257090?
5
What is the hundred thousands digit of 10133843?
1
What is the hundred thousands digit of 2813153?
8
What is the tens digit of 30650960?
6
What is the tens digit of 790396?
9
What is the thousands digit of 249375?
9
What is the thousands digit of 539940?
9
What is the ten thousands digit of 3868154?
6
What is the ten thousands digit of 11075870?
7
What is the hundreds digit of 523695?
6
What is the units digit of 5529?
9
What is the hundred thousands digit of 194566?
1
What is the tens digit of 14164597?
9
What is the tens digit of 687398?
9
What is the hundred thousands digit of 777030?
7
What is the thousands digit of 323823?
3
What is the millions digit of 10978887?
0
What is the thousands digit of 2152388?
2
What is the millions digit of 9298018?
9
What is the ten thousands digit of 1290551?
9
What is the hundred thousands digit of 4139918?
1
What is the ten thousands digit of 281014?
8
What is the hundreds digit of 28885?
8
What is the hundreds digit of 563691?
6
What is the millions digit of 5360377?
5
What is the units digit of 528825?
5
What is the tens digit of 4065854?
5
What is the thousands digit of 965360?
5
What is the thousands digit of 107426?
7
What is the units digit of 12368099?
9
What is the tens digit of 26447179?
7
What is the tens digit of 14127289?
8
What is the hundred thousands digit of 4064896?
0
What is the thousands digit of 312302?
2
What is the hundred thousands digit of 6204750?
2
What is the ten thousands digit of 159583?
5
What is the tens digit of 900380?
8
What is the units digit of 136895?
5
What is the millions digit of 2694325?
2
What is the tens digit of 751147?
4
What is the units digit of 344562?
2
What is the thousands digit of 9164430?
4
What is the hundreds digit of 333581?
5
What is the hundreds digit of 97572?
5
What is the ten thousands digit of 52898?
5
What is the ten thousands digit of 139359?
3
What is the units digit of 1016128?
8
What is the hundreds digit of 708087?
0
What is the hundred thousands digit of 6108926?
1
What is the hundreds digit of 321964?
9
What is the ten thousands digit of 356506?
5
What is the thousands digit of 13845?
3
What is the tens digit of 664158?
5
What is the ten thousands digit of 1053842?
5
What is the hundreds digit of 1212059?
0
What is the units digit of 218492?
2
What is the tens digit of 9055398?
9
What is the tens digit of 441327?
2
What is the ten thousands digit of 1198163?
9
What is the ten thousands digit of 255970?
5
What is the thousands digit of 5352361?
2
What is the hundreds digit of 1376883?
8
What is the thousands digit of 1253252?
3
What is the millions digit of 13182114?
3
What is the millions digit of 1099337?
1
What is the ten thousands digit of 829732?
2
What is the hundreds digit of 14124448?
4
What is the tens digit of 2004222?
2
What is the hundreds digit of 89804?
8
What is the thousands digit of 11567173?
7
What is the thousands digit of 19409?
9
What is the units digit of 918855?
5
What is the hundreds digit of 3026639?
6
What is the thousands digit of 343687?
3
What is the thousands digit of 589322?
9
What is the ten thousands digit of 39327519?
2
What is the tens digit of 1637660?
6
What is the units digit of 4659179?
9
What is the tens digit of 9562682?
8
What is the millions digit of 1641448?
1
What is the tens digit of 1080577?
7
What is the tens digit of 3304008?
0
What is the hundred thousands digit of 375490?
3
What is the thousands digit of 2190529?
0
What is the thousands digit of 2906605?
6
What is the units digit of 336770?
0
What is the hundreds digit of 248522?
5
What is the tens digit of 15859595?
9
What is the ten thousands digit of 13127788?
2
What is the thousands digit of 875419?
5
What is the millions digit of 1480205?
1
What is the thousands digit of 378291?
8
What is the hundred thousands digit of 8362476?
3
What is the hundreds digit of 2235225?
2
What is the hundred thousands digit of 8031919?
0
What is the thousands digit of 216846?
6
What is the millions digit of 6184351?
6
What is the tens digit of 261117?
1
What is the tens digit of 2580670?
7
What is the hundreds digit of 1082774?
7
What is the thousands digit of 61645?
1
What is the hundred thousands digit of 689302?
6
What is the thousands digit of 153852?
3
What is the ten thousands digit of 1189840?
8
What is the ten thousands digit of 1685213?
8
What is the units digit of 582470?
0
What is the tens digit of 89532?
3
What is the hundred thousands digit of 11383409?
3
What is the thousands digit of 259356?
9
What is the tens digit of 4236844?
4
What is the units digit of 11505990?
0
What is the thousands digit of 9193051?
3
What is the tens digit of 720641?
4
What is the tens digit of 763485?
8
What is the hundred thousands digit of 794875?
7
What is the tens digit of 33737?
3
What is the ten thousands digit of 3372438?
7
What is the thousands digit of 13878538?
8
What is the thousands digit of 250660?
0
What is the thousands digit of 419570?
9
What is the thousands digit of 467101?
7
What is the tens digit of 324882?
8
What is the hundred thousands digit of 2338581?
3
What is the units digit of 15646327?
7
What is the tens digit of 238322?
2
What is the millions digit of 2200409?
2
What is the hundreds digit of 2285495?
4
What is the hundred thousands digit of 620702?
6
What is the thousands digit of 3919559?
9
What is the thousands digit of 154416?
4
What is the hundred thousands digit of 1701601?
7
What is the hundreds digit of 470758?
7
What is the hundreds digit of 80931?
9
What is the hundreds digit of 32244?
2
What is the tens digit of 16888711?
1
What is the hundred thousands digit of 3350788?
3
What is the hundred thousands digit of 11530794?
5
What is the millions digit of 1864562?
1
What is the tens digit of 8763252?
5
What is the ten thousands digit of 594576?
9
What is the thousands digit of 247594?
7
What is the thousands digit of 2274502?
4
What is the hundred thousands digit of 286176?
2
What is the ten thousands digit of 794504?
9
What is the hundred thousands digit of 425343?
4
What is the ten thousands digit of 2684843?
8
What is the ten thousands digit of 151728?
5
What is the millions digit of 2801665?
2
What is the hundreds digit of 3608199?
1
What is the hundred thousands digit of 519198?
5
What is the hundreds digit of 17348470?
4
What is the hundred thousands digit of 5502577?
5
What is the thousands digit of 6315968?
5
What is the ten millions digit of 15128598?
1
What is the ten thousands digit of 410221?
1
What is the hundred thousands digit of 8452513?
4
What is the units digit of 177563?
3
What is the hundred thousands digit of 9099461?
0
What is the thousands digit of 205912?
5
What is the millions digit of 17133687?
7
What is the millions digit of 4449390?
4
What is the hundred thousands digit of 156057?
1
What is the millions digit of 23294686?
3
What is the hundreds digit of 51934?
9
What is the units digit of 4170104?
4
What is the hundred thousands digit of 376870?
3
What is the tens digit of 914957?
5
What is the hundred thousands digit of 103631?
1
What is the tens digit of 2068434?
3
What is the thousands digit of 15603333?
3
What is the thousands digit of 480326?
0
What is the millions digit of 1508063?
1
What is the tens digit of 111158?
5
What is the thousands digit of 3945050?
5
What is the ten thousands digit of 50604?
5
What is the hundreds digit of 6494459?
4
What is the thousands digit of 866494?
6
What is the hundreds digit of 8166?
1
What is the thousands digit of 674318?
4
What is the tens digit of 826190?
9
What is the hundreds digit of 319100?
1
What is the hundr